(1 + 3 - (-54 - -69)).
-2
Evaluate -5 + -20 + (-33 - -91) + -17.
16
What is the value of 0 + 100 - (-1866 + 2009)?
-43
Evaluate 17 + -10 - -8 - (-40 + 11 + -20).
64
Evaluate -72 - (65 - -24 - 182).
21
-98 - (-73 - (104 - 40))
39
What is (-62 - -2) + 24 - -16?
-20
-25 + 1 + (-1225 - -1262) - 18
-5
What is the value of 27 + (0 - (36 + 3)) + -57?
-69
What is -56 + -4 + (0 + -28 - -25)?
-63
What is the value of (-59 - -71) + (5 - (6 - 2))?
13
-29 + -2 + -3 + -3 + -1354 + 1354
-37
Calculate 3 + -10 - 6 - (-198 + 223).
-38
Evaluate (-54 - -56 - 85) + -1.
-84
Evaluate -42 + (12 - (-9 - (-8 + -12 + 11))).
-30
6 + 2 + -4 - (-38 - -17)
25
Calculate (117 - (14 - -11)) + 9 + -2 + 14 + -23.
90
What is the value of -3 + 46 + 19 + 91 + -139?
14
Calculate (0 - -1 - -15) + -20 + 11 + (-31 - -34).
10
What is -1 + -3 + -20 + (62 - -38) + 18?
94
Calculate -103 - (-55 - 0) - 42.
-90
(58 - (82 - 85)) + (1 - 2 - 14)
46
What is the value of 44 - (-38 + 16 + (-5 - -17))?
54
-16 + (5 - 1) + (10 - 18 - -13) + 101
94
(-11 - -15) + 9 - ((-56 - -18) + 7)
44
45 + -6 + 13 - (-3 + -3 - -15)
43
What is the value of (1 - 9) + (126 - (44 + 17)) + -13?
44
Evaluate 29 + 8 + (-60 - 23).
-46
Evaluate -14 - -88 - (-2 + 5) - (2 + (25 - 34)).
78
-8 - (4 + -6 - -4 - 14) - (4 - -36)
-36
What is the value of 8 - -1 - (4 + -14 + -2 - -18)?
3
What is -12 + 16 + 20 - (-12 + -17)?
53
Calculate -20 - ((-3 - 45) + 7).
21
What is the value of -37 + 11 + (18 - 21) - -17?
-12
Evaluate -35 + (-1 - (-56 + 33 - (-10 + 0))).
-23
What is the value of 19 - (-96 + (-8 - -82))?
41
What is 32 - (-7 - (-55 - -41))?
25
Calculate 5 + 18 + -9 + -3 + -3 + -93 + -7.
-92
Calculate -22 + -86 + (-44 - -88).
-64
-6 + -23 + 112 + 2 + -4
81
Calculate -18 + 114 + -210 + 222.
108
What is 447 + -378 - (-10 + -13)?
92
Calculate 20 - (3 - (38 - 23)).
32
Calculate -12 + (1 - 1) + 12 - (1 - -43).
-44
34 + 6 + -26 - 14 - (-12 + -1)
13
What is the value of -11 + (-9 - (-3 - 10)) + 6 + -5?
-6
Calculate (-1 - (-9 + -1)) + (65 - 29).
45
What is the value of -189 + 78 - (31 + -87)?
-55
What is 7 - (-5 + -69) - 105?
-24
7 + -30 + -448 + 442
-29
29 - (60 + -46 + -7 + 32)
-10
What is the value of -3 + 34 - (16 - (-29 - -31 - -18))?
35
Calculate -1 - (-26 + 27 + -19) - (-7 - -1).
23
What is the value of -4 - -7 - 51 - (119 - 120) - 5?
-52
(8 + -1 - 12) + (5 + -34 + -6 - -2)
-38
What is the value of 1 + -36 + (-7 - (-16 - (17 - 28))) - 8?
-45
Evaluate 196 - 48 - (-103 + 196).
55
What is the value of -28 + (-13 - 3) + (15 - (38 + -28))?
-39
What is 24 + (-3 - -10) + -19 + 6 + 18?
36
What is the value of 0 + (-304 - -314 - (-16 - 0 - -3))?
23
Evaluate 38 + (10 - (11 + ((-1 - -11) + -1 - 4))).
32
Evaluate -24 - (14 - 39 - 19) - 60.
-40
What is -1 + -52 - (-73 - -3)?
17
(-23 - 2 - 0) + -1 - (-1495 - -1494)
-25
Calculate (3 - -6) + (184 - 182) - (5 - 33 - -3).
36
Evaluate -23 - (16 - 60) - (-11 - -15).
17
Evaluate (3 - 4) + 8 + (6 + -15 + 9 - -3).
10
-90 - (-37 - (8 + -12))
-57
Calculate -18 - -5 - (170 - 118 - -6).
-71
-106 + -1 - (46 + -69 + 0 + -3)
-81
What is the value of 31 - (-26 + 49) - (14 - (-1 - -3))?
-4
Calculate (1 - 19) + (-3488 - -3541).
35
Calculate -3 - (46 + -35 + -32) - (18 - -1).
-1
Evaluate (19 - 47) + 3 + 0 - ((-4 - -43) + -26).
-38
What is -63 + 0 - (-729 - -670)?
-4
What is the value of 491 + -661 + -5 + 62 + (-7 - 0)?
-120
What is the value of -22 + 24 - (125 - 82 - (0 - 0 - -2))?
-39
What is the value of (7 - (61 - (-59 - -68))) + (-2 - -2)?
-45
What is the value of 16 + 2 + (-15 - (5 - 18)) + -70?
-54
Evaluate 23 + (38 - 25) + (-8 - (-1 + 3)).
26
8 - (-98 + (5 + -41 - -76) + 3 + -1)
64
Calculate -3 + (-7 + -7 - -11) + -8 + -2 + -27.
-43
What is (-2 - 5 - -8) + -9 + -5 + 11 + 99?
97
What is 4 - (-112 + (14 - -11 - 17)) - (2 - -10)?
96
What is (-20 - (-15 - (1 + -5))) + 24?
15
Calculate (16 + -2 - (-99 + 53)) + 0 + 5 + 0.
65
Calculate -44 + 77 - (-7 - (-10 - 3 - -4)).
31
What is (-13 - (2 - 3)) + 3918 + -3938?
-32
What is (-26 - (-3 + 4)) + (-269 - -280)?
-16
-2020 + 1965 - (-61 + -1)
7
What is -98 - (93 - 86) - -32?
-73
Calculate -13 + 31 - 8 - ((-7 - -19) + -1).
-1
0 + (1 - -5 - 10) - (-760 + 786)
-30
What is (492 - 482) + (-7 - 3)?
0
(35 - 6 - -37) + -89
-23
Evaluate -1 - (-2 + -4) - (41 + (8 - 2) + -103).
61
What is 13 + -53 + 12 + 11?
-17
Evaluate -27 + (-16 - (1 - 2)).
-42
Calculate (-15 - -15 - (63 + 7)) + 5 + -6.
-71
What is -4 + (-17 - 7 - -34) + 0 + -50?
-44
-9 - (-9 + 0 - (-112 - -98) - 1)
-13
What is -29 + 36 + -16 - (-4 + 3 + 25)?
-33
What is the value of (-50 - (-144 - 98)) + -95?
97
What is -45 - (3 + -9) - -8 - (1 + -7 + 7)?
-32
Calculate -1 - 37 - (749 - 733).
-54
What is -18 + (3 - (25 + -7)) + (0 - 18)?
-51
Evaluate (7 - 22) + -47 - (-12 - -6).
-56
What is (33 - 0) + (55 - 48) + -29?
11
What is the value of 3 + (-9 - (-12 + (13 - 4))) + -15?
-18
What is the value of -12 - 4 - (-48 - (21 + -66) - (-8 + 0))?
-21
What is 13 + -15 - 0 - (12 - 6)?
-8
What is the value of (2 - 20) + (-482 + 473 - (-3 + -15 + 3))?
-12
5 + 3 + -9 + 0 + 151 - (-3128 + 3143)
135
Evaluate (-37 - 18 - -22) + (-3 - 6).
-42
-4287 + 4183 + (54 - 2)
-52
Evaluate 14 + (18 - 14) - (12 + (-6 + -7 - -2)).
17
97 + (5 + -11 - 1) + -6 - (1 + 1)
82
Calculate 13 + (89 - 117) + (4 + -1 - -2).
-10
What is the value of -21 + (19 + -27 - 14 - 3)?
-46
What is the value of 495 + -491 + -10 + (1 + -5 - (-7 + 8))?
-11
Calculate -126 + 42 + 29 + (-1 - 34).
-90
Evaluate -2 + 20 + (-1407 - -1411 - (-1 + 7)).
16
(-1 - 81) + 0 - ((-38 - 216) + 259)
-87
Calculate (8 - 9) + 31 + -48 + -27.
-45
Evaluate -23 + 0 + (-131 - (51 + -176)).
-29
Evaluate -15 - -2 - 0 - (-97 - (-96 - -23)).
11
Calculate -19 + -76 + (17 + -28 - -16).
-90
Calculate -22 - ((-11 - -22) + -4 + 7).
-36
56 + -4 - (-25 - -53)
24
What is -26 + 40 + -22 + -10 + 1?
-17
What is the value of 4 + (-14 - -3) - (6 + -13 - -70 - 8)?
-62
Calculate 27 + (-106 + 26 - -32) + -12 + -1.
-34
Evaluate -81 - (-55 - (41 + -100) - (-2 - -1 - 6)).
-92
What is the value of 13 + 13 + (-18 - 11) - (3 + 7)?
-13
Evaluate (3 - 24) + 12 + -52.
-61
Evaluate 16 + -1 - (-33 - -47 - 23).
24
Evaluate -31 + (-105 - -128) + (0 - (-3 - 0) - -31).
26
(-5 - -4) + 14 + (-3 - -21 - 34)
-3
Evaluate 36 + -94 + 120 + -63 + -15.
-16
Calculate -38 - (-209 + 85 + 53).
33
Calculate 55 - 43 - (-13 - (33 - 27)).
31
What is the value of -122 - (-115 + (-7 - -63))?
-63
What is (29 - (14 + 4)) + -26 + (-18 - -8) + 116?
91
What is the value of -49 - (3 + -56) - 24?
-20
What is the value of -1398 - -1312 - (-164 + -5)?
83
Calculate -1 - -7 - (70 + (13 - 89)) - 39.
-27
What is the value of 15 - (-174 + (-155 - -294))?
50
Calculate 72 + -73 + -17 + -1 - 1 - -4.
-16
Evaluate 11 - ((22 - 12) + 15) - (-7 + -2).
-5
What is (-172 - -99) + -25 - -118?
20
Calculate -30 - -15 - (26 + -41 + -67).
67
Calculate -76 + (109 - 71) + (15 - 0).
-23
What is the value of -59 - (-108 - (-37 - -22))?
34
What is 68 - (-69 - -35) - 40?
62
Calculate 8 - (-3 - (4 + 2)) - (-20 + 19).
18
25 + (5 - (-6 - -18))
18
18 - (-12 - (-7 - 21)) - -8
10
Calculate 22 - (-10 - -47) - 94.
-109
(-251 - -235) + -16 + 4
-28
What is the value of -18 - -30 - (114 - 16)?
-86
What is -38 - (47 - (-52 - -121))?
-16
Evaluate (-23 - -34 - 13) + 7.
5
Calculate -50 + (56 - -61 - 27).
40
Calculate (-100 - (82 - 179)) + (-1 - (23 - 0)).
-27
-10 - 4 - (-61 - 21 - 9 - -12)
65
36 + (18 - (-35 - -96))
-7
What is -1 + -8 - (0 - (-30 - -23) - 4 - -76)?
-88
What is (61 + -3 + -1 - -7) + (-1 - (9 + -2))?
56
What is the value of (13 - -1) + 19 + (-52 - -39) + 63?
83
(1 - 0) + (0 - 17 - (8 + -39 + 48))
-33
Calculate -92 + -3 + 3 + -4 + -16 + 53 + -24.
-83
Calculate 3 + 31 - ((30 - 5) + -10).
19
Calculate (14 - (-4 - -3) - 26) + 2 + 35.
26
Evaluate (-632 - -629) + -1 + 5 + -6 + 30.
25
Calculate (15 + -6 + 13 + -15 - 20) + 16.
3
4 + (139 - 157) + 4 + -2 - 14
-26
What is (-1 + -2 + 8 - (40 + -46)) + -6?
5
Calculate (4 - 1) + 5 - (55 + (-14 - 21)).
-12
Evaluate (0 - 14) + (-110 - -110) - -47.
33
What is -47 + (51 - (-39 - -62))?
-19
What is -292 + 266 + 16 + -12 + 42?
20
What is the value of -28 + -22 + 54 + -12?
-8
Calculate -97 + -29 + 10 + 22 + 6.
-88
Calculate 12 - (-39 + 8 - (6 - 44)).
5
Calculate 86 - 78 - (5 - 10) - 105.
-92
What is the value of -114 + (-100 - -185) + 105?
76
What is the value of 